greatest common divisor of x and 212?
4
Let q = -229 - -409. Let s = -82 + q. Calculate the highest common divisor of 7 and s.
7
Let h = -23 - -47. Let z = 1867 - 1819. Calculate the highest common factor of z and h.
24
Suppose 3*f + 88 = 2*t, -4*t - 27 - 21 = 2*f. Suppose -5*b - 104 = -594. Let p = b + f. What is the highest common factor of 7 and p?
7
Let z be (-1 - 19)*2/(-4). Let f be 7/2 + 48/(-96). Suppose -f*h + 3*i = i - 86, -2*i = -4. What is the highest common divisor of z and h?
10
Suppose -5*k + 2*k + 39 = 0. Let o = 20 - 20. Suppose o = 6*z - 1009 + 151. Calculate the highest common factor of k and z.
13
Suppose 20*f - 16*f - 24 = 0. Suppose f*b - 20 = -4*b. What is the greatest common factor of 218 and b?
2
Let v = -55 - -76. Suppose 2*p - v = -g + 12, -3*p - 3*g = -48. Calculate the highest common factor of p and 68.
17
Let y be 9*-6*(-117)/162. Let i = 439 + -309. Calculate the greatest common factor of i and y.
13
Let f = 20553 - 11973. Calculate the greatest common divisor of f and 30.
30
Let s be (-9)/((-9)/4) + -2. Suppose -2*y - 10 = s. Let d(z) = z**3 + 7*z**2 + z - 7. Let o be d(y). What is the highest common divisor of 23 and o?
23
Let t = 15297 - 6686. What is the highest common factor of 109 and t?
109
Let b be (-1)/(-3)*(19 + 371). Calculate the highest common divisor of 410 and b.
10
Suppose -9923 = -7*h + 2*k, 76*h - 2*k = 78*h - 2830. Calculate the highest common divisor of 2071 and h.
109
Suppose l - 2*v - 3 = 10, 4*l - 3*v = 27. Let c be (-1*6)/(((-18)/4)/l). Suppose -p + 62 = c*m + 14, 48 = p + m. What is the highest common factor of p and 6?
6
Let i = 16301 - 15183. What is the greatest common factor of i and 2150?
86
Suppose -4*u + 57 + 64 = -5*q, 4 = u + 4*q. Let z be (-361)/2 + (-3)/6. Let x = 301 + z. Calculate the greatest common divisor of x and u.
24
Let n(b) = -19*b + 3256. Let j be n(-31). What is the highest common divisor of 5 and j?
5
Let t(z) = -z**3 - 12*z**2 - 11*z + 10. Let o be t(-11). Let r be (3/4)/(o/(-8120)*-7). What is the highest common factor of 116 and r?
29
Suppose -2*p = p - 3. Let d(s) = -p + 99*s**2 - 94*s**2 - s + 2. Let r be d(1). What is the highest common factor of r and 10?
5
Let d = 146 - 173. Let x be (d/(-6) - 4) + 34/4. Suppose 6*t = 4*t + 90. What is the greatest common divisor of x and t?
9
Suppose -a = -3*o + 7, a + 3*o + 15 = 2*o. Let s = 9 + a. Let g be (-9)/(s/((-64)/(-12))). Calculate the highest common factor of g and 84.
12
Let i(c) = -c**3 + 26*c**2 + 30*c - 73. Let u be i(27). Suppose 0 = -y + u*y - 1680. What is the highest common divisor of y and 60?
60
Let y(d) = d**3 + 12*d**2 - 37*d - 60. Let g be y(-14). Calculate the highest common divisor of g and 594.
66
Let q(k) = -29*k - 110. Let i be q(-8). Let j = 108 + i. Calculate the highest common divisor of j and 46.
46
Let v(n) = n**3 + 13*n**2 - 3*n - 26. Let f be v(-14). Let y be ((-34)/10)/(12/f). What is the highest common factor of 17 and y?
17
Let g(z) = z**2 - 248*z - 2006. Let i be g(-8). What is the highest common divisor of 4431 and i?
21
Suppose 5*l = -19 + 74. Suppose -3*j - 2*m = -73 - 70, 2*j - m = 107. Let q = j - 7. What is the greatest common divisor of l and q?
11
Suppose -1268 + 6311 = 1071*k - 13164. Let v(t) = 4*t**3 - 8*t**2 + 9*t - 1. Let x be v(6). Calculate the greatest common divisor of x and k.
17
Let v(u) = -u**2 + 6*u - 4. Let d be v(8). Let h(p) = -p**3 - 19*p**2 + 9*p + 40. Let t be h(d). Calculate the highest common divisor of 104 and t.
52
Let w = -21143 - -21213. What is the highest common factor of 31990 and w?
70
Suppose h + 6 = 3*h. Suppose h*m = 3*i - 39, 4*m - 21 = -2*i + m. Calculate the greatest common divisor of i and 84.
12
Let b(l) = 258*l + 28. Let y be b(13). Suppose -3387*s + y*s = -600. What is the highest common divisor of 48 and s?
24
Let q = -57 - 144. Let p = 296 + q. Calculate the greatest common factor of 38 and p.
19
Let j be 98*(-112)/84*(-3)/2. Let y = 236 - j. Suppose -2*b + 22 = -38. Calculate the highest common divisor of y and b.
10
Suppose 0 = 3*z, -x - 70196 = -26*x + 11*x - z. What is the highest common factor of x and 46?
46
Let n(g) = 139*g**2 - 631*g + 2. Let q be n(5). What is the greatest common factor of 22 and q?
2
Let o be -37 + 34 + 6*-67. Let j = 711 + o. Calculate the highest common divisor of j and 18.
18
Let h(s) = s**2 + 6*s - 5. Let p be h(-9). Suppose 0 = -26*b - p*b + 960. Calculate the greatest common divisor of 8 and b.
4
Let d be 2*-1 - (-44)/((-66)/6). Let v be d/7 - 43857/(-231). Calculate the greatest common factor of v and 21.
21
Suppose 30 = -5*p, 6*p + 28043 = 4*t + 7299. Calculate the highest common divisor of t and 62.
31
Let j = 3 + 0. Let d = j - -1. Suppose 0 = d*q - 75 - 69. Calculate the highest common factor of q and 9.
9
Let l(p) = 14*p - 348. Let u be l(30). Calculate the greatest common divisor of u and 4824.
72
Suppose 392*z - 315*z = 56826. What is the greatest common factor of z and 153?
9
Suppose 65*m + 53*m + 59*m = 40887. What is the highest common factor of 836 and m?
11
Let p be 16534/(-10)*(-575)/46 + 2/(-4). What is the greatest common divisor of p and 249?
249
Suppose 0 = 46*t - 127*t + 436995. What is the highest common factor of 13 and t?
13
Let u = -262 - -341. Let v be ((-10)/8)/(1/(3 - u)). What is the greatest common divisor of 5 and v?
5
Let s = -777 + 1570. Let b be (8/11)/(-8) + s/11. Calculate the highest common divisor of 9 and b.
9
Suppose 5*l - 355 = -5*a, 3*l + 181 = 169. Let r(h) = -2*h. Let t be r(-3). What is the highest common factor of t and a?
3
Let u(i) = 33*i + 4. Let s be u(4). Suppose 0 = -2*x + 10, -30*x + 48 = 4*m - 34*x. Calculate the greatest common factor of m and s.
17
Suppose -5528 = -2*t - 9*a, 4*t - 13026 = 2*a - 1930. Calculate the highest common divisor of 94 and t.
47
Suppose p - 50 = -l, 2*l + l = 4*l. What is the highest common divisor of 1790 and p?
10
Let d(z) = 2*z**2 + 15*z - 20. Let s be d(-9). Let q be ((-6)/s)/((-3)/21). Let t = q + 4. Calculate the greatest common divisor of t and 20.
10
Suppose -16 = -5*w + 4, 5*i = -4*w + 51. Let a be 7*(-35 + i)/(-7). Let k(t) = -t**2 - 5*t + 3. Let d be k(-4). Calculate the greatest common factor of d and a.
7
Suppose 0 = -9*i + 1173 + 258. Suppose 51*u - 90 = 21*u. Calculate the highest common divisor of u and i.
3
Suppose 4*y - 2829*s = -2824*s + 20708, 5*y - 25885 = 2*s. What is the highest common divisor of y and 31?
31
Suppose 4*v - j - 78 + 12 = 0, -v = -j - 15. Suppose 0 = -18*t - 336 + 642. What is the greatest common divisor of v and t?
17
Suppose 51*k - 4*k = -144188 + 774552. What is the highest common factor of k and 28?
28
Let t = 1738 + -1238. Suppose 0 = -3*x + 8*x - t. Calculate the highest common divisor of x and 40.
20
Let h(r) = -3*r - 28. Let u be h(-9). Let j(n) = -17*n - 5. Let x be j(u). Let p = -6 + x. What is the highest common divisor of p and 18?
6
Let h = 0 - -9. Suppose u - 5*u + 2*r - 176 = 0, 16 = 4*r. Let i be 6 + u/((-2)/1). What is the highest common factor of i and h?
9
Suppose 2*k - 4345 + 4289 = -4*r, -20 = 5*k. What is the highest common divisor of 16648 and r?
8
Suppose 10*y - 2955 + 1915 = 0. Calculate the greatest common factor of 221 and y.
13
Let w(i) = i - 4. Let n be w(5). Let r = 280123 + -280121. Calculate the highest common divisor of n and r.
1
Suppose 0 = 2*f - 7*f + 570. Let b = 44216 + -44045. What is the highest common divisor of b and f?
57
Suppose -147*s + 259502 - 60064 = -85154. Calculate the highest common divisor of 16 and s.
16
Let i be (17 + -85)*(-22)/8. Let f be (-17 + 0)/(2/(-2)). Let c be (0/4)/4 + f. Calculate the highest common divisor of i and c.
17
Suppose -17 + 60 = 4*t + r, 0 = -5*t - 2*r + 50. Suppose 16*i - t*i = 32. Suppose i*f = 3*f + 360. Calculate the greatest common divisor of f and 24.
24
Let m = -8749 + 8849. What is the greatest common divisor of 1475 and m?
25
Let g(b) = -3*b**3 + 53*b**2 - 34*b + 25. Let h be g(17). Calculate the highest common divisor of 3 and h.
1
Suppose -17*x + 6810 = -47*x. Let a = x - -242. Calculate the greatest common divisor of 15 and a.
15
Let h(d) = -d**3 - d**2 - d + 207. Let x be h(0). Let q = -135 - -138. Let u be 2/q*((-244)/(-8) - -4). Calculate the highest common factor of x and u.
23
Let i(y) = 32